e hundreds digit of 93758788?
7
What is the millions digit of 6869049824?
9
What is the units digit of 90945010?
0
What is the tens digit of 64856847?
4
What is the ten thousands digit of 71341146?
4
What is the millions digit of 42857194?
2
What is the hundred thousands digit of 23287811?
2
What is the millions digit of 98712364?
8
What is the hundreds digit of 57983854?
8
What is the millions digit of 1587342021?
7
What is the hundred millions digit of 2553233157?
5
What is the billions digit of 2070290179?
2
What is the hundred thousands digit of 40321176?
3
What is the millions digit of 363590742?
3
What is the ten thousands digit of 201871271?
7
What is the ten thousands digit of 587149337?
4
What is the units digit of 66964112?
2
What is the millions digit of 1063132963?
3
What is the hundreds digit of 136925287?
2
What is the hundred thousands digit of 54542140?
5
What is the hundred millions digit of 131744412?
1
What is the units digit of 1538128137?
7
What is the hundred thousands digit of 11801965?
8
What is the ten thousands digit of 376022819?
2
What is the millions digit of 782704658?
2
What is the hundred millions digit of 1989737219?
9
What is the ten thousands digit of 4002490003?
9
What is the tens digit of 1068337667?
6
What is the ten thousands digit of 1491626837?
2
What is the thousands digit of 605777436?
7
What is the thousands digit of 480996724?
6
What is the billions digit of 4856896596?
4
What is the ten thousands digit of 56607094?
0
What is the units digit of 1251544969?
9
What is the tens digit of 3375928080?
8
What is the thousands digit of 14429663?
9
What is the hundreds digit of 836723079?
0
What is the ten thousands digit of 62143740?
4
What is the hundreds digit of 490658088?
0
What is the hundred millions digit of 3504973891?
5
What is the ten thousands digit of 54605440?
0
What is the units digit of 65378019?
9
What is the millions digit of 4679569254?
9
What is the hundred millions digit of 277261506?
2
What is the units digit of 4831200586?
6
What is the thousands digit of 4231119708?
9
What is the tens digit of 147657337?
3
What is the billions digit of 2001303702?
2
What is the thousands digit of 4021088452?
8
What is the hundred millions digit of 1182155484?
1
What is the hundred thousands digit of 933333259?
3
What is the ten millions digit of 1368447263?
6
What is the millions digit of 247910820?
7
What is the thousands digit of 665148042?
8
What is the thousands digit of 2074946613?
6
What is the hundreds digit of 76134591?
5
What is the billions digit of 4304622330?
4
What is the hundreds digit of 134786805?
8
What is the hundreds digit of 36129449?
4
What is the ten millions digit of 551291031?
5
What is the hundreds digit of 897615340?
3
What is the units digit of 61599986?
6
What is the millions digit of 346524657?
6
What is the ten thousands digit of 167568726?
6
What is the ten millions digit of 4584304358?
8
What is the thousands digit of 2866084664?
4
What is the millions digit of 388945535?
8
What is the ten thousands digit of 34105528?
0
What is the thousands digit of 77855725?
5
What is the tens digit of 84511058?
5
What is the millions digit of 29910277?
9
What is the hundreds digit of 103563398?
3
What is the units digit of 652972240?
0
What is the tens digit of 233708858?
5
What is the thousands digit of 1338913496?
3
What is the millions digit of 422616199?
2
What is the hundreds digit of 12462622?
6
What is the hundred thousands digit of 68511777?
5
What is the ten thousands digit of 3473315801?
1
What is the hundred millions digit of 355208329?
3
What is the hundreds digit of 5091912680?
6
What is the millions digit of 58970180?
8
What is the millions digit of 11719780?
1
What is the ten thousands digit of 40353745?
5
What is the thousands digit of 5108168547?
8
What is the millions digit of 432996781?
2
What is the tens digit of 207819501?
0
What is the thousands digit of 13265297?
5
What is the units digit of 3360329095?
5
What is the ten millions digit of 155745067?
5
What is the thousands digit of 45568816?
8
What is the hundred thousands digit of 222488246?
4
What is the hundred millions digit of 181475479?
1
What is the thousands digit of 8065509497?
9
What is the tens digit of 1248770762?
6
What is the hundred millions digit of 102435001?
1
What is the thousands digit of 120452755?
2
What is the hundred millions digit of 1222694634?
2
What is the hundreds digit of 499877652?
6
What is the thousands digit of 678828797?
8
What is the thousands digit of 242482476?
2
What is the ten thousands digit of 33743632?
4
What is the ten millions digit of 12967843?
1
What is the hundreds digit of 561875967?
9
What is the hundred millions digit of 406746883?
4
What is the ten thousands digit of 54670641?
7
What is the ten millions digit of 48405495?
4
What is the units digit of 2511356036?
6
What is the millions digit of 683583884?
3
What is the hundred thousands digit of 36221000?
2
What is the ten thousands digit of 90042835?
4
What is the millions digit of 2978740614?
8
What is the units digit of 3651769462?
2
What is the millions digit of 1685085123?
5
What is the hundreds digit of 56815853?
8
What is the ten thousands digit of 13556231?
5
What is the ten thousands digit of 34956826?
5
What is the ten thousands digit of 130669297?
6
What is the thousands digit of 3336020613?
0
What is the thousands digit of 495081087?
1
What is the hundred millions digit of 524049251?
5
What is the tens digit of 2888901818?
1
What is the thousands digit of 209662049?
2
What is the ten millions digit of 134087603?
3
What is the hundred thousands digit of 1717688502?
6
What is the hundred thousands digit of 1205296906?
2
What is the tens digit of 65732046?
4
What is the millions digit of 2301327544?
1
What is the millions digit of 8160188?
8
What is the ten millions digit of 306387507?
0
What is the hundred thousands digit of 420321024?
3
What is the ten millions digit of 22504349?
2
What is the ten thousands digit of 81492051?
9
What is the millions digit of 1213891688?
3
What is the thousands digit of 1786219105?
9
What is the units digit of 275035247?
7
What is the units digit of 688685570?
0
What is the hundred millions digit of 901679618?
9
What is the billions digit of 6785740197?
6
What is the hundred thousands digit of 1349007809?
0
What is the hundred millions digit of 396648405?
3
What is the hundred millions digit of 308058965?
3
What is the ten thousands digit of 38516391?
1
What is the thousands digit of 2808619055?
9
What is the millions digit of 136964007?
6
What is the ten thousands digit of 290688518?
8
What is the tens digit of 11630248?
4
What is the units digit of 44870863?
3
What is the millions digit of 3559008148?
9
What is the millions digit of 3614023599?
4
What is the hundred millions digit of 113935696?
1
What is the thousands digit of 103290234?
0
What is the hundred thousands digit of 147233907?
2
What is the thousands digit of 45635818?
5
What is the hundred thousands digit of 1758264252?
2
What is the millions digit of 18390469?
8
What is the units digit of 8297692118?
8
What is the ten thousands digit of 23955688?
5
What is the units digit of 165083915?
5
What is the ten millions digit of 95159806?
9
What is the ten millions digit of 45322447?
4
What is the hundreds digit of 3876309459?
4
What is the ten millions digit of 3172980458?
7
What is the tens digit of 177308941?
4
What is the units digit of 327246247?
7
What is the hundreds digit of 80410555?
5
What is the thousands digit of 108302258?
2
What is the millions digit of 444322255?
4
What is the millions digit of 11836824?
1
What is the units digit of 147156791?
1
What is the hundred thousands digit of 936193225?
1
What is the thousands digit of 422735724?
5
What is the ten millions digit of 906805950?
0
What is the thousands digit of 339594807?
4
What is the hundreds digit of 1611249603?
6
What is the units digit of 1077211049?
9
What is the tens digit of 75341900?
0
What is the ten millions digit of 29150142?
2
What is the hundred millions digit of 350697917?
3
What is the millions digit of 2818990681?
8
What is the hundreds digit of 1036047926?
9
What is the hundred thousands digit of 66451138?
4
What is th